
What is the tens digit of 23394?
9
What is the units digit of 1236?
6
What is the units digit of 386?
6
What is the tens digit of 5301?
0
What is the units digit of 6296?
6
What is the tens digit of 8669?
6
What is the tens digit of 3576?
7
What is the units digit of 460?
0
What is the thousands digit of 11093?
1
What is the tens digit of 26324?
2
What is the tens digit of 757?
5
What is the units digit of 6610?
0
What is the units digit of 32326?
6
What is the tens digit of 9527?
2
What is the tens digit of 437?
3
What is the units digit of 16676?
6
What is the thousands digit of 8413?
8
What is the units digit of 2029?
9
What is the units digit of 10295?
5
What is the thousands digit of 2777?
2
What is the hundreds digit of 2291?
2
What is the hundreds digit of 237?
2
What is the hundreds digit of 148?
1
What is the units digit of 787?
7
What is the units digit of 33210?
0
What is the tens digit of 934?
3
What is the thousands digit of 3757?
3
What is the hundreds digit of 23937?
9
What is the tens digit of 41794?
9
What is the tens digit of 15997?
9
What is the ten thousands digit of 52617?
5
What is the tens digit of 10961?
6
What is the thousands digit of 13036?
3
What is the units digit of 13040?
0
What is the units digit of 5512?
2
What is the hundreds digit of 943?
9
What is the thousands digit of 3694?
3
What is the hundreds digit of 6516?
5
What is the ten thousands digit of 116654?
1
What is the units digit of 1012?
2
What is the tens digit of 1130?
3
What is the ten thousands digit of 44288?
4
What is the tens digit of 491?
9
What is the tens digit of 9128?
2
What is the units digit of 14163?
3
What is the tens digit of 9463?
6
What is the hundreds digit of 31494?
4
What is the thousands digit of 44731?
4
What is the hundreds digit of 23248?
2
What is the thousands digit of 1096?
1
What is the units digit of 33312?
2
What is the thousands digit of 39528?
9
What is the hundreds digit of 6420?
4
What is the tens digit of 6752?
5
What is the tens digit of 11379?
7
What is the hundreds digit of 4743?
7
What is the units digit of 7608?
8
What is the hundreds digit of 5076?
0
What is the ten thousands digit of 19244?
1
What is the units digit of 1?
1
What is the thousands digit of 3242?
3
What is the thousands digit of 63465?
3
What is the tens digit of 527?
2
What is the hundreds digit of 9577?
5
What is the thousands digit of 5776?
5
What is the thousands digit of 20597?
0
What is the hundreds digit of 1556?
5
What is the thousands digit of 9770?
9
What is the ten thousands digit of 88516?
8
What is the tens digit of 3016?
1
What is the hundreds digit of 17359?
3
What is the hundreds digit of 20368?
3
What is the thousands digit of 33036?
3
What is the thousands digit of 6664?
6
What is the hundreds digit of 1162?
1
What is the tens digit of 191?
9
What is the ten thousands digit of 17459?
1
What is the hundreds digit of 4486?
4
What is the hundreds digit of 3217?
2
What is the thousands digit of 4649?
4
What is the hundreds digit of 68196?
1
What is the tens digit of 789?
8
What is the ten thousands digit of 12381?
1
What is the hundreds digit of 35269?
2
What is the thousands digit of 62600?
2
What is the tens digit of 5046?
4
What is the tens digit of 1494?
9
What is the tens digit of 9995?
9
What is the tens digit of 17502?
0
What is the hundreds digit of 1212?
2
What is the ten thousands digit of 10429?
1
What is the hundreds digit of 2396?
3
What is the thousands digit of 11354?
1
What is the tens digit of 8300?
0
What is the hundreds digit of 7529?
5
What is the hundreds digit of 772?
7
What is the tens digit of 13980?
8
What is the thousands digit of 91722?
1
What is the hundreds digit of 638?
6
What is the hundreds digit of 1071?
0
What is the hundreds digit of 2551?
5
What is the units digit of 2880?
0
What is the hundreds digit of 24226?
2
What is the thousands digit of 1652?
1
What is the hundreds digit of 688?
6
What is the tens digit of 4169?
6
What is the thousands digit of 2316?
2
What is the thousands digit of 7240?
7
What is the tens digit of 31118?
1
What is the tens digit of 12002?
0
What is the hundreds digit of 133126?
1
What is the tens digit of 3514?
1
What is the hundreds digit of 2180?
1
What is the hundreds digit of 5342?
3
What is the thousands digit of 9146?
9
What is the thousands digit of 7808?
7
What is the thousands digit of 1548?
1
What is the units digit of 23796?
6
What is the tens digit of 863?
6
What is the hundreds digit of 2034?
0
What is the units digit of 65?
5
What is the tens digit of 1802?
0
What is the tens digit of 1978?
7
What is the units digit of 636?
6
What is the tens digit of 9749?
4
What is the hundreds digit of 40721?
7
What is the tens digit of 25770?
7
What is the tens digit of 619?
1
What is the thousands digit of 1554?
1
What is the units digit of 11193?
3
What is the units digit of 1651?
1
What is the hundreds digit of 2814?
8
What is the ten thousands digit of 12049?
1
What is the hundreds digit of 20027?
0
What is the units digit of 644?
4
What is the tens digit of 28451?
5
What is the units digit of 1090?
0
What is the tens digit of 3921?
2
What is the units digit of 10392?
2
What is the thousands digit of 19529?
9
What is the thousands digit of 33917?
3
What is the tens digit of 77?
7
What is the tens digit of 29611?
1
What is the tens digit of 345?
4
What is the thousands digit of 48499?
8
What is the thousands digit of 1088?
1
What is the hundreds digit of 1133?
1
What is the hundreds digit of 2597?
5
What is the tens digit of 17478?
7
What is the hundreds digit of 44462?
4
What is the thousands digit of 21775?
1
What is the units digit of 2280?
0
What is the hundreds digit of 1188?
1
What is the thousands digit of 141016?
1
What is the thousands digit of 2945?
2
What is the thousands digit of 81773?
1
What is the tens digit of 879?
7
What is the units digit of 70?
0
What is the tens digit of 3969?
6
What is the tens digit of 48963?
6
What is the units digit of 1854?
4
What is the hundreds digit of 3252?
2
What is the hundreds digit of 397?
3
What is the units digit of 9684?
4
What is the hundreds digit of 2723?
7
What is the tens digit of 1117?
1
What is the units digit of 1339?
9
What is the thousands digit of 10857?
0
What is the hundreds digit of 10622?
6
What is the thousands digit of 144451?
4
What is the tens digit of 4674?
7
What is the tens digit of 82297?
9
What is the units digit of 50419?
9
What is the hundreds digit of 6620?
6
What is the tens digit of 816?
1
What is the thousands digit of 6360?
6
What is the tens digit of 2559?
5
What is the tens digit of 243?
4
What is the hundreds digit of 3569?
5
What is the ten thousands digit of 124453?
2
What is the tens digit of 8965?
6
What is the units digit of 1684?
4
What is the hundreds digit of 355?
3
What is the hundreds digit of 80258?
2
What is the ten thousands digit of 51201?
5
What is the units digit of 398?
8
What is the hundreds digit of 45204?
2
What is the tens digit of 122?
2
What is the hundreds digit of 2276?
2
What is the tens digit of 3312?
1
What is the hundreds digit of 6340?
3
What is the ten thousands digit of 38889?
3
What is the units digit of 4234?
4
What is the units digit of 24069?
9
What is the hundreds digit of 3645?
6
What is the hundreds digit of 821?
8
What is the tens digit of 557?
5
What is the tens digit of 7919?
1
What is the hundreds digit of 4003?
0
What is the hundreds digit of 1669?
6
What is the tens digit of 5898?
9
What is the ten thousands digit of 14581?
1
What is the thousands digit of 26010?
6
What is the hundreds digit of 368?
3
What is the thousands digit of 33689?
3
What is the thousands digit of 9168?
9
What is the tens digit of 1011?
1
What is the ten thousands digit of 30107?
3
What is the hundreds digit of 587?
5
What is the thousands digit of 1511?
1
What is the hundreds digit of 6817?
8
What is the tens digit of 1079?
7
What is the thousands digit of 4544?
4
What is the hundreds digit of 3235?
2
What is the thousands digit of 6747?
6
What is the hundreds digit of 3151?
1
What is the units digit of 74?
4
What is the thousands digit of 11029?
1
What is the units digit of 6836?
6
What is the hundreds digit of 3966?
9
What is the thousands digit of 1911?
1
